pose 6*k - 18 = 4*k. Let i(w) = w**3 - 9*w**2 - w - 7. Calculate i(k).
-16
Suppose -4*f + f + m + 9 = 0, 5*f - 4*m - 22 = 0. Suppose -f*q + 5 = -5. Let h(o) = 3 + 30*o - q - 31*o. Give h(-3).
1
Let p(r) = -2*r**2 - 8*r - 4. Let i be p(-3). Suppose -2*k = -5*q - k + 22, i*q - 3*k - 14 = 0. Let w(f) = -f**3 + 3*f**2 + f - 3. What is w(q)?
-15
Let s(b) = -2*b**2 + 4*b + 6. Let r be (-3)/8 - 258/(-48). What is s(r)?
-24
Suppose 0 = 5*q + 73 - 98. Let c(n) be the first derivative of n**3/3 - 3*n**2/2 - 7*n + 5. What is c(q)?
3
Let m(w) be the second derivative of -w**7/840 + 7*w**6/360 - 7*w**5/120 - w**4/6 + 11*w**3/6 - 10*w. Let v(k) be the second derivative of m(k). What is v(6)?
-10
Suppose 10*v - 7*v = -42. Let i = 17 + v. Let b(t) = 3 + t**i - 4*t + 3*t**2 + 0*t**2 - 6. Give b(-3).
9
Suppose 3*w + 24 = 3*y, 4*w - 4 - 14 = -y. Suppose 17*g - y*g = 14. Let u(z) = z**2 + 2*z - 2. Give u(g).
6
Let x be (42/63)/(2/6). Let q(m) = 0*m**2 + 5 - 3*m**x + m + 0*m - 6. Give q(-2).
-15
Let g(i) = 6*i**3 + 3*i**2 - 2*i**2 - 2*i**3. Let d(r) = -5*r**3 - 10*r**2 - 3*r. Let y be d(3). Let p be (-270)/y + (-2)/13*1. Calculate g(p).
5
Let b(n) = 7*n**2 - 14*n - 2. Let q(s) = -6*s**2 + 13*s + 2. Let u(d) = -5*b(d) - 6*q(d). What is u(6)?
-14
Let f = -33 - -34. Let t(y) = -2 - 7 + f - 1 - y. Determine t(-5).
-4
Let k(c) = -3*c - 2. Let z(u) = u**3 + 21*u**2 - u - 24. Suppose -5*s = 40 + 65. Let j be z(s). Calculate k(j).
7
Let t(m) = 7*m**2 - 13*m + 9. Let r = 23 - 12. Let f(p) = -373*p + 6 + 13*p**2 + 348*p + 11. Let l(k) = r*t(k) - 6*f(k). What is l(6)?
3
Let v(y) = 4*y**2 + 33*y - 18. Let m(l) = l**2 + 8*l - 4. Let q(f) = -9*m(f) + 2*v(f). Determine q(-7).
-7
Let w = -7 - -6. Let d(y) = y**2 - 11*y + 5. Let k be d(9). Let c(g) = -41*g**2 + 13*g + 2. Let u(o) = 20*o**2 - 6*o - 1. Let n(a) = k*u(a) - 6*c(a). Give n(w).
-13
Let w(b) = -4*b - 1. Let j(t) = 11*t - 11. Let x(v) = -j(v) - 2*w(v). Determine x(6).
-5
Let n(j) = -3*j**3 - j**2 + 1. Let t(f) = -16*f**3 - f**2 + 4*f + 9. Let x(v) = -5*n(v) + t(v). Give x(5).
-1
Suppose 11 + 5 = 2*k. Suppose m - 3 = -k. Let c(y) = -7 + 2*y - 3*y + 3. Give c(m).
1
Let j(r) be the third derivative of -r**4/6 + 4*r**3/3 + 7*r**2 + 4. Give j(4).
-8
Let l(p) = -p**2 + p - 2. Let h(x) = 11 + 7*x**2 - 21*x + 20*x - 4. Let q(w) = h(w) + 6*l(w). Give q(-6).
1
Let c(p) be the third derivative of -p**5/60 + 7*p**4/24 - p**3/2 - 7*p**2. Suppose 59 = -4*d - 5*l - 27, -4*l + 30 = -2*d. Let m = -13 - d. Calculate c(m).
3
Let b(r) = r + 322 - 331 - 2*r. Determine b(-17).
8
Suppose 46*q = -100*q - 2190. Let m(w) = w**3 + 14*w**2 - 14*w + 12. What is m(q)?
-3
Let k(t) = -t**2 + t + 9. Let l(m) = 5*m**2 + 2*m + 28. Let z(w) = -6*k(w) + 2*l(w). Give z(2).
62
Let p(k) = 12*k - 55. Let b be p(5). Let z(f) = -6 - 12*f + f**3 + 1 - 2*f - b*f**2 + 10*f. Calculate z(6).
7
Let a(j) = 2*j - 12. Let n(l) = l - 7. Let m(p) = -4*a(p) + 7*n(p). Let w(d) = -5*d - 10. Let g = 11 + -7. Let x(z) = g*m(z) - w(z). What is x(-6)?
0
Let g(w) = 10*w**2 - 28*w - 2. Let o(j) = 3*j**2 - 9*j + 1. Let s(x) = -2*g(x) + 7*o(x). Determine s(5).
1
Let f = 17 + -7. Let h(r) = 2 + f*r + 7*r - 15*r. Calculate h(2).
6
Let x(z) = -z**2 + 8*z + 2. Let l(j) = j**2. Let v(m) = 2*l(m) + x(m). What is v(-8)?
2
Suppose 0 = 15*q - 8*q - 658. Let v(y) = -1 + 5*y**2 - 92*y + y**3 + q*y + 0*y**3 + 4. Calculate v(-5).
-7
Suppose 12 - 20 = -4*l. Let q = -12 + l. Let s be 63/6*q/15. Let x(m) = -m - 3. Determine x(s).
4
Let o = 204 + -208. Let n(a) = a + 9. What is n(o)?
5
Let n(j) = -2*j**2 - 4*j + 5. Suppose -f - 256 = 63*f. Calculate n(f).
-11
Let j(m) be the first derivative of -m**5/60 - m**4/6 - 2*m**3/3 - 7*m**2 + 48. Let x(n) be the second derivative of j(n). Calculate x(-6).
-16
Let a = -1192 - -1186. Let d(w) = -w**2 - 3*w - 2. What is d(a)?
-20
Let h(w) = -5*w - 1. Let c(m) be the first derivative of m**3/3 - 2*m**2 - 6*m + 10. Let n be c(5). What is h(n)?
4
Suppose -3*q - 18 = -63. Let s be (-2)/10 + 33/q. Let p(w) be the third derivative of w**4/24 - 2*w**3/3 - 100*w**2. Calculate p(s).
-2
Let m(b) = -b**2 - 14*b - 13. Let r(c) = -c**2 - 18*c - 85. Let z be r(-6). Determine m(z).
0
Let l(g) = -g - 12. Let x be -1 + (2/(-8) - 720/192). Calculate l(x).
-7
Let n(p) = -9*p + 4. Let q(v) be the third derivative of 5*v**4/24 - v**3/3 - 35*v**2. Let s(u) = 4*n(u) + 7*q(u). Determine s(-3).
5
Let n(l) be the first derivative of l**4/6 + 4*l**2 + 19. Let z(o) be the second derivative of n(o). Calculate z(3).
12
Let l(b) = -b**2 - 10*b - 1. Let h = -161 - -152. What is l(h)?
8
Let y(u) = 11*u**2 - 2*u**2 - 8*u - u**3 + 8 + 0*u**2. Suppose 0 = 3*l - 3*f - 15, -3 + 24 = 3*l - f. Determine y(l).
8
Let a(k) be the third derivative of -k**4/24 + 3*k**3 - 269*k**2. Determine a(8).
10
Suppose 0 = -5*a + 2*a + 12. Suppose 3*w = a*w. Suppose 0 = 4*g + 12 - w. Let q(v) = v**3 + 3*v**2 + v + 2. Give q(g).
-1
Let x(n) = -2*n**2 + 3 + 2*n + 2 + 0 - 3. Suppose w = -3, 5*y + 5*w = 3*y - 11. Give x(y).
-2
Let q(j) = -j**3 - 4*j**2 + 1. Let v(t) = -7*t + 34. Let l be v(0). Let m be (4/10)/((l/20)/(-17)). Determine q(m).
1
Suppose 0*w = 3*w - 5*j - 1, 0 = 5*w + j + 45. Let f(q) = -q**2 - 7*q + 10. What is f(w)?
2
Let u(j) = -j**2 + 29*j + 22. Let t be u(30). Let b(r) = -r**3 - 9*r**2 - 7*r + 18. What is b(t)?
10
Suppose 19 = 41*i - 145. Let a = -386 + 709. Let k be a/(-119) + i/(-14). Let n(c) = -c**2 - c + 3. Calculate n(k).
-3
Let h(a) be the first derivative of -a**4/4 + 7*a**3/3 - a**2 - 5*a - 148. Give h(4).
35
Let q(z) = z**3 + 2*z**2 + 2*z. Let b be ((10 + -8)/4)/((-1)/4). Determine q(b).
-4
Suppose 2*m = -3*w - 3 + 2, 0 = 3*w - 5*m - 13. Let z(a) = a + 7*a - 2*a. Give z(w).
6
Suppose 0 = -f + 3*f. Let g(d) = 4*d**3 - 6*d**2 + 5*d + 5. Let p = 50 + -45. Let z(u) = 3*u**3 - 5*u**2 + 4*u + 4. Let t(r) = p*z(r) - 4*g(r). What is t(f)?
0
Suppose -74 = 4*u - 26. Let p(t) = -t**2 - 12*t + 2. Calculate p(u).
2
Let n be (1 - -1 - 0)*2. Suppose 15 = -5*p + 5*q - 0*q, -n*p - 4*q = -4. Let a(d) = 18*d - 1. Give a(p).
-19
Let d(a) = -a**3 + 1180 + 1188 + a - 2366 - 3*a**2. Calculate d(-2).
-4
Let v(h) = 5*h**3 - 19*h**2 - 16*h + 25. Let g(z) = 16*z - 19*z + 5 - z**2 - 5*z**2 + z**3 + 2*z**2. Let k(f) = 11*g(f) - 2*v(f). Give k(5).
-25
Let s(h) = -31*h**3 + 14*h**2 - 6*h + 20. Let g(v) = 11*v**3 - 5*v**2 + 2*v - 7. Let u(r) = 17*g(r) + 6*s(r). What is u(0)?
1
Suppose -21*w - 34 + 13 = 0. Let m(c) = 12*c**2 - 1. Determine m(w).
11
Suppose -2*l - 4 = -3*l. Let d(v) be the third derivative of -v**5/60 + 5*v**3/6 + 11*v**2 + 51*v. What is d(l)?
-11
Let v(b) = -b**2 - 3*b + 4. Let y(r) = -15 + 9 + 2*r + 17 - 5*r. Let a be y(5). Give v(a).
0
Let i(k) = -k**2 + 3*k - 1. Suppose -2*w + 4 = 2*q, w - 6*w = 3*q - 2. Give i(q).
-5
Let l be (5 - 0) + (8 - 168/12). Let r(q) = 7*q**2 - q - 2. Give r(l).
6
Suppose 2*w + 18 = 4*h, -3*h - 6 = w - 17. Suppose j = -4*s - 18, 6*s + 25 = 5*j + 3*s. Let c(d) = -j*d + 5*d - h*d. Calculate c(-4).
4
Let k(g) = 2*g**2 - g - 4. Suppose -x + 210 = 6*x. Let s be x/(-8) + 4/(64/12). Determine k(s).
17
Let t(n) = 3*n**2 - 3*n + 2. Let q(p) = 10*p**2 - 10*p + 7. Let g(w) = 2*q(w) - 7*t(w). Let u(y) = -4*y**2 - y + 4. Let j(k) = 5*g(k) - u(k). Calculate j(5).
1
Let l = -7 - -5. Let h(i) be the third derivative of -i**6/120 - i**5/30 - i**4/24 + i**3/6 - 6*i**2. Give h(l).
3
Let p(j) = -3*j - 7*j**2 + 5 + 8*j**2 - 1. Let d(z) = -2*z - 2. Let m be d(-3). Suppose 0*c + 24 = 4*c - 4*n, 0 = -m*c - 2*n + 12. Determine p(c).
8
Suppose -4*q - 12 - 48 = 0. Let f be -5*(-2)/q*-2*-3. Let s(p) = 4*p**2 + 10*p + 4. Let k(d) = 9*d**2 + 21*d + 9. Let j(m) = -3*k(m) + 7*s(m). Calculate j(f).
-11
Let p(i) = i**2 - 12*i - 2782 + 2780 - 2*i**2 + 0*i. Determine p(-12).
-2
Let k be (-44)/(-10) - (96/(-40))/(-6). Let w(b) = -1 + 0*b**2 + 1 + b**2 - 3*b. Give w(k).
4
Let j(d) = -127*d - 3*d**2 + 126*d + 4*d**2 + 0*d**2. Determine j(0).
0
Let b(w) = w**3 + 4*w**2 + 6*w + 3. Let c be (-2)/4*(0 - 86). Suppose -39 = -f - c. Give b(f).
-21
Let m(r) = 5*r**2 + 1. Let s be (-1 + 5 - (10 + -7)) + -3. Calculate m(s).
21
Let b(w) = 3*w**2 + 4*w**2 + w**2 + 5 - 1 + w**3. Let o be b(-8). Let x be o/(-6) - 34/(-6). Let q(v) = -v**2 + 4*v + 4. Give q(x).
-1
Let q(f) = -f**2 - f. Suppose -6*d + 270 = 276. What is q(d)?
0
Let 